n n is divided by i(-25).
44
Let v be 154/28*(-3 - -1). Suppose -4*k - 52 = -128. What is the remainder when k is divided by -4 - (v + 4 + 1)?
1
Let c(v) = v**3 - v**2 + v + 134. Let s be c(0). Suppose -27*z - 11*z + 836 = 0. What is the remainder when (s/6 - 1)*3 is divided by z?
20
Let k(c) = 7*c**2 - c - 2. Calculate the remainder when (-3840)/(-55) - (-624)/3432 is divided by k(-2).
14
Suppose -i - 14 = -3*i. Suppose -5*j + 454 = -3*p, 169 = -5*j + i*j + 3*p. Calculate the remainder when j + -3*(-2)/(-6) is divided by 30.
28
Suppose 3*j + 275 = 266. What is the remainder when 61 is divided by (-30)/(-6) - -25 - (1 + j)?
29
Let d = -68 + 28. Let o be 0/(8/(d/(-15))). Suppose o = 12*g - 13*g + 33. Calculate the remainder when g is divided by 23.
10
Let n = 132 + -130. What is the remainder when (-931)/38*(n + -6) is divided by 20?
18
Suppose -88*q = -81*q - 35. Suppose q*s - 4*o + 119 = 380, 2*s = 4*o + 102. Calculate the remainder when s is divided by (-1)/(0 - 1/7).
4
Suppose 347 + 73 = 4*z. Let j(c) = 3*c**2 + 42*c + 10. Let q be j(-17). Let t = 190 - q. What is the remainder when z is divided by t?
24
Let s = 234 - 161. Suppose -v - 4*v - 2030 = 5*d, -2*v + 2*d = 824. Let z = -394 - v. Calculate the remainder when s is divided by z.
13
Suppose -18*p - 304 = -19*p. What is the remainder when p is divided by 1 + (-3 - -12 - 12/3)?
4
Suppose -11*v - 24 + 24 = 0. Calculate the remainder when v/(-2)*(-18)/36 + 49 is divided by 13.
10
Suppose -4*x = -9*x - 70. Suppose -r = 6 - 0. Calculate the remainder when (-464)/(-28) + r/x is divided by 4.
1
Let a(r) = 2*r**2 + 60*r + 354. Calculate the remainder when 721 is divided by a(-25).
97
Let c(b) = b**3 + 7*b**2 + b - 4. Let a = 467 + -464. Suppose 4*h = 4*s - 404, 0 = -9*s + 13*s - a*h - 406. Calculate the remainder when s is divided by c(-6).
25
Let s(f) = f**3 + 25*f**2 - 25*f + 29. Let c be s(-26). Suppose 5*w - 5*z = 195, -c*z + z + 51 = w. What is the remainder when w is divided by 9?
7
Suppose j + f - 9 = 0, 5*f - 24 = -j - j. Let y(x) = -2*x - 10. Let l be y(-9). Suppose l*s = 2*s + 72. What is the remainder when s is divided by j?
5
Let t = -15 + -51. Let m = t - -54. Let l = m + 30. What is the remainder when 68 is divided by l?
14
Suppose k + 55 = 5*n + 16, -8 = 2*k. Suppose 2*h = -2*v + 456, 11*h + v - 927 = n*h. What is the remainder when h is divided by 18?
17
Let z be 57 + (-1 - (-3 - (2 - 4))). Suppose z = -22*s + 25*s. What is the remainder when 282 is divided by s?
16
Suppose -4*u + 5*a + 2320 = 0, -4*u + 0*a + 2*a = -2308. Suppose 5*o = u + 165. What is the remainder when o is divided by 15?
13
Let p(g) = -2275*g - 6663. Let o(u) = u**2 + 4*u. What is the remainder when p(-3) is divided by o(-6)?
6
Let g = 87 + -81. Let o be 33/2*((-44)/g + 2). Let f = 118 + o. Calculate the remainder when 89 is divided by f.
29
Let t = -1643 + 1670. Let n = -3 + 9. What is the remainder when t is divided by n?
3
Let r(v) = 7*v - 102. Let m be r(16). Suppose 15*q - m*q - 585 = 0. Calculate the remainder when q is divided by (2/(-5))/(1/(-60)).
21
Suppose 2*g - 21*g = -15*g - 616. Calculate the remainder when g is divided by 93.
61
Let p(v) = -v**3 - 8*v**2 - 14*v - 9. Let t be p(-6). Calculate the remainder when 73 is divided by 1 + t + -1 + (-80)/(-5).
16
Suppose i - 3*i = 5*h - 24, i + 1 = 4*h. Let b(f) = 10*f**2 - f - 37. What is the remainder when b(i) is divided by 30?
26
Let b(d) = -8*d - 53. Suppose s - 4*s = -n - 3, 4*n = -12. Calculate the remainder when b(-16) is divided by 41 - (s + (-2 - -4)).
36
Let v = 446 + -399. Calculate the remainder when 67 is divided by v.
20
Suppose 0 = -2*y - y - 69. Let a = -19 - y. Suppose 0 = -10*m + a*m + 12. Calculate the remainder when 13 is divided by m.
1
Let z(q) = 10*q**3 + 3*q**2 + 4*q + 23. Calculate the remainder when z(0) is divided by 23.
0
Let j = 169 - 164. Suppose -4*q + 3*w = -61, -j*q - 3*w + 115 = w. What is the remainder when 71 is divided by q?
14
Let n(t) = -5*t - 20. Calculate the remainder when n(-12) is divided by (-7)/(-42)*7*18.
19
Calculate the remainder when 173 is divided by 45/(-18)*(-4)/115 - (-2250)/46.
26
Let z(v) = 167*v**2 + 4*v + 2. Let b be z(-1). Suppose -17*y = -6*y - b. Calculate the remainder when 224 is divided by y.
14
Let w be (-2760)/(-60) + (1 - -3)/2. Suppose 5*o + 52 = 2*l - 0*o, -2*l + 3*o = -w. Calculate the remainder when 187 is divided by l.
19
Suppose -2*g + 96 = -5*a, 5*g - a = 4*a + 240. Let i = 324 - 181. What is the remainder when i is divided by g?
47
Suppose -3*t = -2*t - f - 1412, 3*t = -4*f + 4243. Suppose 29*z = -t + 4980. What is the remainder when z is divided by 14?
11
Let y(m) = 5*m - 6. Let w(r) = -r + 1. Let d be w(-3). Calculate the remainder when ((-32)/112)/(10/(-1750)) is divided by y(d).
8
Let y(m) = -m**3 - 16*m**2 - 28*m - 109. Suppose -2*h + 2*o = -28 - 32, -120 = -4*h - 4*o. Calculate the remainder when y(-15) is divided by h.
26
What is the remainder when 40/6 + 658/(-94) + 4268/6 is divided by 118?
3
Let y(q) = q**3 + 23*q**2 - 34*q - 696. Calculate the remainder when 1457 is divided by y(-23).
81
Suppose 0 = -3*z - 4*c + 182, z - 2*z + 59 = c. Let y(d) = 56*d + 2 - z*d + 1. What is the remainder when 42 is divided by y(6)?
12
Suppose 2*x + 2*b - 1346 = 0, -2*x + 3*b + 1304 = -b. What is the remainder when x is divided by 115?
91
Let a(u) = 30*u + 9. Let x be a(-5). Let q = -43 - x. Calculate the remainder when q is divided by 25.
23
Suppose 4*f - 120 = -4*o, -f = 4*o + f - 120. Let y = 7 + o. Let i = 2408 - 2264. What is the remainder when i is divided by y?
33
Let z = 4909 - 4815. What is the remainder when z is divided by 48?
46
Suppose -311*i = -304*i + 63. Let w(j) = -28*j - 245. Suppose 14 = 3*t - 43. Calculate the remainder when t is divided by w(i).
5
Let x(y) = y**2 - 2*y + 3. Let r be (4 - 6) + 3*2. Let v(u) = -u**3 + 8*u**2 - 31*u + 79. Calculate the remainder when v(r) is divided by x(3).
1
Let m(q) be the second derivative of q**4/12 + q**3/2 + 21*q**2/2 + 47*q. What is the remainder when 115 is divided by m(-6)?
37
Let g = -14149 + 14183. What is the remainder when 71 is divided by g?
3
Suppose -3*h + 980 = -5*g, 0 = -2*h - 5*g + 427 + 218. Calculate the remainder when h is divided by 64.
5
Let i(k) = 121*k + 513. What is the remainder when i(14) is divided by 17?
14
Let c = 722 - 104. Let p = -813 + 822. What is the remainder when c is divided by p?
6
Let h(n) = 28*n**2 - 117*n - 188. What is the remainder when 2199 is divided by h(7)?
9
Let x = -12539 + 12608. Calculate the remainder when 1304 is divided by x.
62
Let b = -28 + 29. Let h(q) = q**3 - 2*q**2 + 1. Let s be h(b). Suppose -o + 25 + 39 = s. Calculate the remainder when o is divided by 11.
9
Suppose 5*o + 3*r = -89, 5*o = -r + 3*r - 74. Let a(h) = -h**3 - 17*h**2 - 13*h + 54. Calculate the remainder when 88 is divided by a(o).
4
Let p be (-2)/6 - 42/(-18). Suppose -p*o - 4*o = -24. What is the remainder when 52 is divided by (81/(-6))/(-3)*o?
16
Let p(v) = -18*v + 3. Suppose 3*t - 4*g = -382, g + 12 - 16 = 0. Let n = t + 161. Calculate the remainder when p(-4) is divided by n.
36
Suppose 4*q - 3240 = -16*q. What is the remainder when q is divided by 34?
26
Let a(j) = 4*j**3 - 2*j + 2. Let z be a(3). Suppose -314 = -14*f - z. What is the remainder when 57 is divided by 37/4 - f/(-20)?
7
Suppose -2*l - 179 + 553 = 2*o, -750 = -4*l - 5*o. What is the remainder when 734 is divided by l?
179
Let l = -64 + 66. Suppose 13*q - 4*d = 8*q + 631, -2*q = -l*d - 254. Calculate the remainder when q is divided by 42.
39
Let t = -15922 - -16159. Calculate the remainder when t is divided by 89.
59
Let i = -55 - -57. Suppose 3*h = -3*b + 99, -3*h + i = -2*h. Calculate the remainder when 167 is divided by b.
12
Let p = 387 + -383. Suppose 0*l + 20 = 5*l - p*b, 28 = l + 4*b. What is the remainder when 28 is divided by l?
4
Calculate the remainder when 278 is divided by 12/(-42) + (-428)/(-28).
8
Let j = 801 - 733. Suppose 7*a - 10 - 4 = 0. Suppose 3*r = 7*i - 3*i + 109, -a*i = 2. Calculate the remainder when j is divided by r.
33
Let j(b) be the third derivative of 5*b**4/12 - 23*b**3/3 - 76*b**2. What is the remainder when 316 is divided by j(11)?
60
Suppose 204*p - 231*p = -1161. What is the remainder when 183 is d